(j) = 9669*j**2 + 27*j + 33. What is the hundreds digit of i(-1)?
6
Let b(q) be the third derivative of -5*q**4/3 - 83*q**3/6 - 2*q**2 + 4. What is the tens digit of b(-11)?
5
Suppose -2*w + 7 - 1 = 0. Suppose 5*d = 4*h + 788, 4*h - 440 = -w*d + 52. Suppose d = -2*l + 7*l. What is the tens digit of l?
3
Let n(y) = y**3 + 20*y**2 + 18*y - 4. Let p be n(-17). Let b = p - 66. What is the hundreds digit of b?
4
Suppose -5*i - 34 - 28 = -2*d, -3*d - 3*i + 72 = 0. Suppose -4*u = -2*u - d. Let x(p) = 8*p + 41. What is the units digit of x(u)?
5
Suppose 5*d - 23 = -v, 0*v - 33 = -5*d + 4*v. Let u be (5/(-15))/(d/(-15)). What is the units digit of 8 - u*(-4 - -8)?
4
Let g(i) = -2*i**3 + 11*i**2 - 10*i - 14. Let h be g(6). What is the thousands digit of ((-18512)/(-520))/((-2)/h)?
1
Let r(t) = -4*t**2 - 4*t + 54. Let h(g) = -g**2 - g + 14. Let q(p) = -9*h(p) + 2*r(p). Let s be 2/4 + (-95)/10. What is the units digit of q(s)?
4
Suppose -2082 = -3*i + 4*m, 0 = 4*i - 15*m + 13*m - 2786. Suppose 6*p = 820 + i. What is the hundreds digit of p?
2
Let f be 2*5/((-25)/(-10)) + 0. Suppose 4*k + f*d = -0*k + 3452, 0 = -2*k + d + 1711. What is the units digit of k?
8
Suppose 0 = -124*y + 118*y + 72. What is the units digit of 2/y - (-570)/36?
6
Let p(c) = -526*c - 94. What is the tens digit of p(-12)?
1
Let g be ((-2)/5)/(6/(-12090)). Let f = g + 386. What is the hundreds digit of f?
1
Suppose -5*g + 11*j + 6722 = 10*j, 0 = -2*g + 2*j + 2684. Suppose q - 3*v = -8*v + 305, 5*v = 4*q - g. What is the units digit of q?
0
Suppose 15*i = 14*i + 20. Let y = 24 - i. Suppose -545 + 209 = -4*v + y*l, v + 2*l - 84 = 0. What is the tens digit of v?
8
Let w(c) = -9*c - 30. Let q = -84 - -149. Suppose 0 = -0*t - 5*t - q. What is the units digit of w(t)?
7
Let d be 32*(245/(-28) + 8). What is the tens digit of d/(-276) + 2344/23?
0
Let z(o) = o**2 + 15*o + 7. Let r(f) = -5*f - 32. Let i be r(-9). What is the hundreds digit of z(i)?
3
Let n(x) = 8 + 4 + x + 2 + 13. Let a be n(-15). What is the tens digit of a/(4 - 250/65)?
7
Let o be (-1 - (-695)/3) + (-248)/372. What is the hundreds digit of o - (-6 + 7 + 2)?
2
Suppose 350*z - 236471 - 1660324 - 3638455 = 0. What is the hundreds digit of z?
8
Let t = 3627 + -3117. What is the units digit of t?
0
Suppose 27*j - 25*j - 1007 = -3*f, 0 = -4*j - f + 2029. Let y = j + -218. What is the units digit of y?
0
Let f = 16668 + -11699. What is the tens digit of f?
6
Let z = 32 + -29. Suppose z*o = 28 + 8. What is the tens digit of (-78)/o*(1 + -5)?
2
Let a(n) = 56*n**2 + 15*n - 73. What is the hundreds digit of a(-11)?
5
Let v = 9283 + 29116. What is the thousands digit of v?
8
Suppose r = -d + 54, 0 = r - 5*r + 8. What is the hundreds digit of 327*(d/(-130))/(3/(-10))?
4
Suppose -22*n - 929472 = -73*n + 27*n. What is the units digit of n?
8
Suppose -2*c + 4390 + 2655 = u, 4*c - 2*u - 14070 = 0. What is the thousands digit of c?
3
Suppose 0 = -29*c + 25*c + 792. Suppose 2*p - 4*b + c = 3*p, -5*p + 4*b = -918. What is the hundreds digit of p?
1
Let d(j) be the third derivative of 0 - 40*j**2 + 5/24*j**4 - 25/3*j**3 + 0*j + 1/60*j**5. What is the tens digit of d(15)?
5
Suppose 2*g + 232 = -2*d, 8*g = -5*d + 4*g - 581. Let y = 646 + d. What is the tens digit of y?
2
Let b be 4 - (-1 - -6) - -6. Suppose 2*q = b*i - 4541 - 158, 4*i + q = 3754. What is the units digit of i?
9
Let b(m) = -m**2 + 153*m - 730. What is the tens digit of b(5)?
1
Let w(i) = 10*i**2 + 26*i + 5. Let h be w(-6). Suppose h = 13*o + 66. What is the tens digit of o?
1
Suppose -4*r - 177 = -l, 6*r - 393 = -2*l + r. Let m = 238 - l. What is the units digit of m?
9
Let i be (-5 - -8)/(1/(-2)). Let s be 2/(i + 10) + (-1)/2. Suppose s = 7*w - 1274 + 154. What is the units digit of w?
0
Let m be 6/8 + (-13212)/(-48). Let h = -40 + m. Let d = h - 138. What is the units digit of d?
8
Suppose -6*i + 1420 + 4076 = 0. Suppose -i = -5*j + 2*w - 231, -425 = -3*j + 4*w. What is the hundreds digit of j?
1
What is the hundreds digit of 51/(-1)*-86 - 16/72*9?
3
Let s(h) = h**2 - 8*h + 15. Let l be s(3). Let p(n) = 3*n + 57 + 11 - 1. What is the units digit of p(l)?
7
Let b = 30564 - 23409. What is the units digit of b?
5
Let f be 4 - (-8 - -7 - (-2 + -1)). Suppose -4*o - 3*m - 31 = 0, 2*m - m = f*o + 13. Let s = o + 106. What is the units digit of s?
9
Let d(v) be the third derivative of v**5/60 - v**4/24 + v**3 - 6*v**2. Let w be d(0). Suppose w*t + 70 = 196. What is the tens digit of t?
2
Suppose 14*x - 4*x = 6350. Let w = x + -202. What is the hundreds digit of w?
4
Suppose v + 1310 = 6150. What is the units digit of v?
0
Let p(l) = -2520*l + 487. What is the hundreds digit of p(-3)?
0
Suppose 8*i - 557312 = 15*i - 63*i. What is the tens digit of i?
5
Suppose -2410240 = -748*p + 716*p. What is the thousands digit of p?
5
Suppose -9*g = 3*n - 7*g - 242490, -2*n + 4*g + 161644 = 0. What is the ten thousands digit of n?
8
Let n(o) = -o**2 + 49*o + 5. Let m be n(19). Suppose 5*y + m = 1920. What is the units digit of y?
9
Suppose 5*f - 19 = 21. Let i(u) = -u**3 + 9*u**2 + u - 12. What is the units digit of i(f)?
0
Let k(h) = -2*h**2 - 6*h + 10. Let s be k(-4). Suppose -q + 1092 = s*q. What is the units digit of q?
4
Suppose 12 = -3*n - 4*w - 4, -4*n - 3*w - 12 = 0. Suppose -y = -0*y + 2*p + 97, 3*y + 4*p + 283 = 0. Let g = n - y. What is the tens digit of g?
8
Suppose -3*b + 2*z = -2*b - 11, -z = -b + 7. Suppose -4*g + 5*y = -269, 2*y + y = -b*g + 222. Let w = 131 - g. What is the tens digit of w?
6
Suppose 0 = -4*k - 20, f - 3*k - 85 + 10 = 0. What is the units digit of (-538)/(-6) - 40/f?
9
Let n be ((-282)/15*-5)/(-1). Let b = n + 586. What is the tens digit of b?
9
Let h = -17 + 17. Suppose h = -35*o + 36*o - 3. Suppose -o*a = -a - 36. What is the tens digit of a?
1
Suppose -5*p - 4 = -p, 3*p = -4*o + 64377. What is the hundreds digit of o?
0
Let u(o) be the first derivative of 241*o**3/3 + o**2 - o + 20. Let g be u(1). Suppose 70 - g = -4*r. What is the units digit of r?
3
Let r(h) be the first derivative of h**4/4 - 25*h**3/3 - 25*h**2/2 - 36*h + 34. Let y be r(26). What is the tens digit of y - -215 - (-2)/(-1)?
0
Let v(w) = 15*w - 61. Let t be v(4). What is the units digit of 281 - (5 + t + -6)*2?
5
Let y be ((-175)/(-15))/7 + (-4)/6. Suppose -y = -g + 7. Suppose j = -g + 28. What is the tens digit of j?
2
Suppose 4*g - 2*j - 18209 = g, 4*g + 4*j - 24272 = 0. Suppose -29*z = -22*z - g. What is the hundreds digit of z?
8
Let f be ((-15)/3)/5 + 3189. Suppose 13*c + f = 17*c. What is the hundreds digit of c?
7
Suppose -59624 = 7*a + 22*a. Let d = -1237 - a. What is the units digit of d?
9
What is the units digit of (3 + 9102)*22/33?
0
Let b(z) = -156*z**3 - 12*z**2 + 84*z + 51. What is the units digit of b(-7)?
3
Suppose -43*r - 99*r + 9213102 = 0. What is the hundreds digit of r?
8
What is the hundreds digit of (-56)/(-504) + 284800/45?
3
Let b = -45 + -63. Let y = -22 - b. What is the units digit of y?
6
Suppose 26*y = 32*y. Suppose x + 19 - 24 = y. Suppose -x*z + 5*k = -740, 0 = -3*z - 2*z - 2*k + 726. What is the hundreds digit of z?
1
Let p(w) = -836*w + 270. What is the thousands digit of p(-8)?
6
Let v(r) be the first derivative of 3*r**4/4 + 20*r**3/3 - 2*r**2 - 8*r - 58. What is the tens digit of v(-4)?
3
Let t = -215 - -398. What is the hundreds digit of (-2 - 38)*t/(-12)?
6
Let w(n) = -n**2 + 2*n - 2. Let k be w(1). What is the units digit of (4 + -7)*(1 + -17 + k)?
1
What is the units digit of (32*3/30)/((-6)/(-38085))?
2
Suppose 180690 = 2*a + 5*y, 2*a = -580*y + 583*y + 180626. What is the thousands digit of a?
0
Suppose 2*z + 141 = z. Let r(s) = 2*s + 232. Let b be r(0). Let k = z + b. What is the tens digit of k?
9
Let i(o) = 28*o + 363. What is the thousands digit of i(34)?
1
Let c(v) = -v**3 + 7*v**2 - 14*v + 12. Let d be c(8). Let u = -134 + -143. Let b = d - u. What is the units digit of b?
3
Let m(v) = 4*v + 4*v**2 + v**3 - 12*v - 7*v + 1. What is the units digit of m(-5)?
1
Let d = 13815 + -12681. What is the hundreds digit of d?
1
Let d(f) = -25*f**2 + 20*f - 30. Let m be d(-8). Let l = m - -2894. What is the hundreds digit of l?
1
Let w = -185 - -332. Let p = w - 4. What is the tens digit of p?
4
Suppose 6 = -11*a + 13*a. Suppose 2*f - 112 = -a*c + 257, 0 = 4